de 5265?
True
Is 9 a factor of 630?
True
Does 74 divide 666?
True
Does 38 divide 2106?
False
Is 3300 a multiple of 110?
True
Is 86812 a multiple of 22?
True
Is 27 a factor of 5724?
True
Is 845 even?
False
Is 4235 a multiple of 35?
True
Is 5548 a multiple of 4?
True
Does 13 divide 10296?
True
Is 19 a factor of 279?
False
Is 2520 a multiple of 28?
True
Is 9 a factor of 2696?
False
Is 77232 a multiple of 26?
False
Does 14 divide 676?
False
Is 6 a factor of 2118?
True
Is 2419 a multiple of 59?
True
Is 15 a factor of 42495?
True
Is 10 a factor of 6690?
True
Is 9 a factor of 78309?
True
Does 54 divide 30780?
True
Does 71 divide 15149?
False
Does 15 divide 1664?
False
Does 40 divide 5600?
True
Does 25 divide 59425?
True
Is 10871 a multiple of 11?
False
Is 9 a factor of 2216?
False
Does 74 divide 3291?
False
Is 4290 a multiple of 15?
True
Does 44 divide 176?
True
Is 1729 a multiple of 13?
True
Is 186 a multiple of 13?
False
Does 4 divide 7646?
False
Does 57 divide 798?
True
Does 18 divide 19314?
True
Does 205 divide 56990?
True
Is 157 a multiple of 5?
False
Is 4331 a multiple of 41?
False
Is 1981 a multiple of 138?
False
Is 9 a factor of 306?
True
Does 45 divide 900?
True
Is 3 a factor of 73?
False
Is 1330 a multiple of 30?
False
Is 1157 a multiple of 5?
False
Is 5 a factor of 6141?
False
Is 71 a factor of 568?
True
Is 1394 a multiple of 21?
False
Does 13 divide 4716?
False
Is 43432 a multiple of 61?
True
Is 4907 a multiple of 42?
False
Is 11 a factor of 858?
True
Does 80 divide 5356?
False
Is 4 a factor of 319?
False
Is 26186 a multiple of 130?
False
Is 1586 a multiple of 13?
True
Is 2716 a multiple of 46?
False
Is 106 a factor of 106851?
False
Does 8 divide 719?
False
Does 4 divide 4724?
True
Is 11911 a multiple of 32?
False
Is 9039 a multiple of 131?
True
Is 9 a factor of 4399?
False
Is 53377 a multiple of 8?
False
Does 18 divide 1339?
False
Does 2 divide 199?
False
Is 13682 a multiple of 16?
False
Does 23 divide 470?
False
Does 3 divide 99?
True
Is 10 a factor of 1460?
True
Does 15 divide 173?
False
Does 28 divide 2268?
True
Does 17 divide 5423?
True
Is 23 a factor of 2300?
True
Is 255 a multiple of 5?
True
Is 61 a factor of 1830?
True
Does 46 divide 82938?
True
Is 675 a multiple of 15?
True
Is 2 a factor of 180?
True
Does 13 divide 949?
True
Does 12 divide 120?
True
Is 18 a factor of 2363?
False
Is 7 a factor of 1923?
False
Is 7990 a multiple of 8?
False
Is 211 a multiple of 74?
False
Is 8 a factor of 128?
True
Is 10 a factor of 8989?
False
Is 12726 a multiple of 33?
False
Does 38 divide 4241?
False
Does 5 divide 1800?
True
Is 35976 a multiple of 76?
False
Is 38 a multiple of 26?
False
Does 12 divide 552?
True
Is 5 a factor of 4038?
False
Is 1525 a multiple of 25?
True
Is 3501 a multiple of 9?
True
Is 206 a multiple of 42?
False
Does 73 divide 1213?
False
Does 8 divide 225?
False
Does 100 divide 1140?
False
Is 35 a factor of 1037?
False
Does 5 divide 461?
False
Does 19 divide 519?
False
Is 1719 a multiple of 17?
False
Is 14288 a multiple of 152?
True
Is 55 a factor of 27500?
True
Does 73 divide 73?
True
Is 7 a factor of 2272?
False
Does 74 divide 1480?
True
Does 94 divide 3196?
True
Does 83 divide 12450?
True
Does 55 divide 236?
False
Is 21 a factor of 11807?
False
Is 81595 a multiple of 229?
False
Is 116 a factor of 3828?
True
Does 276 divide 88872?
True
Is 538 a multiple of 87?
False
Is 90 a factor of 13373?
False
Does 47 divide 1598?
True
Is 1296 a multiple of 12?
True
Is 382 a multiple of 5?
False
Does 23 divide 14789?
True
Is 9 a factor of 360?
True
Does 51 divide 306?
True
Is 53 a factor of 887?
False
Is 16270 a multiple of 28?
False
Is 54 a factor of 11739?
False
Is 19 a factor of 95608?
True
Does 19 divide 282?
False
Does 52 divide 5304?
True
Is 2062 a multiple of 6?
False
Is 9935 a multiple of 2?
False
Does 34 divide 2959?
False
Does 4 divide 4376?
True
Does 58 divide 14906?
True
Does 10 divide 4310?
True
Is 3 a factor of 969?
True
Does 3 divide 1431?
True
Does 63 divide 60291?
True
Does 11 divide 27344?
False
Is 21 a factor of 51969?
False
Does 29 divide 2175?
True
Is 823 a multiple of 16?
False
Is 484 a multiple of 22?
True
Is 30 a factor of 609?
False
Is 275 a multiple of 32?
False
Does 54 divide 27060?
False
Does 34 divide 1156?
True
Is 393 even?
False
Does 28 divide 56?
True
Does 32 divide 22543?
False
Does 8 divide 114?
False
Is 12 a factor of 218?
False
Does 33 divide 4917?
True
Is 16160 a multiple of 160?
True
Is 506 a multiple of 16?
False
Is 235 a multiple of 17?
False
Does 3 divide 60?
True
Is 22 a factor of 66?
True
Is 24 a factor of 1863?
False
Is 924 a multiple of 33?
True
Does 87 divide 55071?
True
Is 9681 a multiple of 7?
True
Is 42 a factor of 137?
False
Is 23765 a multiple of 5?
True
Does 97 divide 2231?
True
Is 3320 a multiple of 4?
True
Is 5 a factor of 1169?
False
Is 13 a factor of 23413?
True
Is 12 a factor of 469?
False
Does 12 divide 81?
False
Does 11 divide 10774?
False
Is 47 a factor of 10904?
True
Is 4 a factor of 1097?
False
Is 14 a factor of 4466?
True
Does 81 divide 848?
False
Is 11817 a multiple of 101?
True
Is 36 a factor of 468?
True
Does 11 divide 42460?
True
Is 60 a factor of 2058?
False
Does 95 divide 44270?
True
Is 946 a multiple of 12?
False
Is 187 a multiple of 6?
False
Is 852 a multiple of 12?
True
Is 14 a factor of 45108?
True
Is 221 a factor of 43028?
False
Does 6 divide 907?
False
Is 48 a multiple of 48?
True
Does 14 divide 410?
False
Does 13 divide 351?
True
Does 22 divide 2816?
True
Does 25 divide 800?
True
Does 15 divide 450?
True
Is 37 a factor of 2263?
False
Does 110 divide 7920?
True
Does 34 divide 137871?
False
Is 92 a factor of 368?
True
Is 653 a multiple of 21?
False
Is 32 a multiple of 8?
True
Is 59248 a multiple of 46?
True
Is 1848 a multiple of 66?
True
Is 3 a factor of 35?
False
Is 9 a factor of 309?
False
Is 116 a factor of 1735?
False
Does 6 divide 252?
True
Is 1068 a multiple of 12?
True
Is 1197 a multiple of 9?
True
Is 18 a factor of 987?
False
Is 3302 a multiple of 8?
False
Is 21 a factor of 1008?
True
Does 85 divide 2295?
True
Is 1842 a multiple of 7?
False
Is 157 a factor of 2770?
False
Is 50 a factor of 10050?
True
Is 4140 a multiple of 92?
True
Is 152652 a multiple of 12?
True
Is 26 a factor of 32916?
True
Is 38 a factor of 2145?
False
Is 4746 a multiple of 46?
False
Does 18 divide 708?
False
Is 4 a factor of 149?
False
Is 6391 a multiple of 11?
True
Is 3226 a multiple of 15?
False
Is 6678 a multiple of 126?
True
Is 24 a factor of 93?
False
Does 12 divide 636?
True
Is 40950 a multiple of 18?
True
Is 3240 a multiple of 15?
True
Does 54 divide 166082?
False
Is 13 a factor of 1184?
False
Does 14 divide 44968?
True
Does 10 divide 4736?
False
Is 142 a factor of 100457?
False
Does 81 divide 45819?
False
Is 5054 a multiple of 41?
False
Is 5 a factor of 141?
False
Is 1608 a multiple of 6?
True
Is 68 a factor of 1564?
True
Does 18 divide 630?
True
Does 63 divide 9989?
False
Does 15 divide 6179?
False
Is 450 a multiple of 18?
True
Does 5 divide 840?
True
Does 7 divide 18523?
False
Is 3 a factor of 7926?
True
Is 43 a multiple of 8?
False
Is 7 a factor of 52?
False
Is 128 a factor of 36380?
False
Is 14 a factor of 78328?
False
Is 20259 a multiple of 63?
False
Is 3317 a multiple of 9?
False
Is 14325 a multiple of 47?
False
Is 71 a factor of 2301?
False
Does 25 divide 10725?
True
Does 7 divide 1036?
True
Is 14 a factor of 1732?
False
Does 3 divide 422?
False
Does 3 divide 44?
False
Is 1893 a multiple of 10?
False
Is 75033 a multiple of 189?
True
Does 26 divide 4469?
False
Does 139 divide 17854?
False
Is 140 a multiple of 14?
True
Is 477 a multiple of 75?
False
Is 13584 a multiple of 15?
False
Does 19 divide 513?
True
Does 16 divide 3344?
True
Is 2544 a multiple of 53?
True
Is 2251 a multiple of 52?
False
Is 8708 a multiple of 14?
True
Is 446 a multiple of 29?
False
Is 240 a multiple of 7?
False
Is 25 a factor of 98?
False
Is 27891 a multiple of 15?
False
Is 166 a factor of 546?
False
Is 15480 a multiple of 129?
True
Does 69 divide 2695?
False
Does 6 divide 14346?
True
Is 332 a multiple of 4?
True
Is 490 a multiple of 8?
False
Is 108 a factor of 13500?
True
Does 20 divide 6680?
True
Is 4256 a multiple of 32?
True
Does 56 divide 6882?
False
Is 810 a multiple of 3?
True
Does 24 divide 